{"id":118,"date":"2025-09-21T17:32:38","date_gmt":"2025-09-21T15:32:38","guid":{"rendered":"https:\/\/rysunek.org\/?page_id=118"},"modified":"2025-10-02T16:20:31","modified_gmt":"2025-10-02T14:20:31","slug":"o-autorze","status":"publish","type":"page","link":"https:\/\/rysunek.org\/index.php\/o-autorze\/","title":{"rendered":"O autorze"},"content":{"rendered":"<div data-colibri-id=\"118-c1\" class=\"style-193 style-local-118-c1 position-relative\">\n  <!---->\n  <div data-colibri-component=\"section\" data-colibri-id=\"118-c2\" id=\"about\" class=\"h-section h-section-global-spacing d-flex align-items-lg-center align-items-md-center align-items-center style-198 style-local-118-c2 position-relative\">\n    <!---->\n    <!---->\n    <div class=\"h-section-grid-container h-section-boxed-container\">\n      <!---->\n      <div data-colibri-id=\"118-c3\" class=\"h-row-container gutters-row-lg-0 gutters-row-md-0 gutters-row-0 gutters-row-v-lg-0 gutters-row-v-md-0 gutters-row-v-0 style-199 style-local-118-c3 position-relative\">\n        <!---->\n        <div class=\"h-row justify-content-lg-center justify-content-md-center justify-content-center align-items-lg-stretch align-items-md-stretch align-items-stretch gutters-col-lg-0 gutters-col-md-0 gutters-col-0 gutters-col-v-lg-0 gutters-col-v-md-0 gutters-col-v-0\">\n          <!---->\n          <div class=\"h-column h-column-container d-flex h-col-lg-auto h-col-md-auto h-col-auto style-200-outer style-local-118-c4-outer\">\n            <div data-colibri-id=\"118-c4\" class=\"d-flex h-flex-basis h-column__inner h-ui-empty-state-container h-px-lg-0 h-px-md-0 h-px-0 v-inner-lg-0 v-inner-md-0 v-inner-0 style-200 style-local-118-c4 position-relative\">\n              <!---->\n              <!---->\n              <div class=\"w-100 h-y-container h-column__content h-column__v-align flex-basis-100\">\n                <!---->\n              <\/div>\n            <\/div>\n          <\/div>\n          <div class=\"h-column h-column-container d-flex h-col-lg-auto h-col-md-auto h-col-auto style-201-outer style-local-118-c5-outer\">\n            <div data-colibri-id=\"118-c5\" class=\"d-flex h-flex-basis h-column__inner h-px-lg-2 h-px-md-2 h-px-2 v-inner-lg-2 v-inner-md-2 v-inner-2 style-201 style-local-118-c5 position-relative\">\n              <!---->\n              <!---->\n              <div class=\"w-100 h-y-container h-column__content h-column__v-align flex-basis-100 align-self-lg-start align-self-md-start align-self-start\">\n                <!---->\n                <div data-colibri-id=\"118-c6\" class=\"h-global-transition-all h-heading style-203 style-local-118-c6 position-relative h-element\">\n                  <!---->\n                  <div class=\"h-heading__outer style-203 style-local-118-c6\">\n                    <!---->\n                    <!---->\n                    <h2 class=\"\">Walentyn Efde<\/h2>\n                  <\/div>\n                <\/div>\n                <div data-colibri-id=\"118-c7\" class=\"h-text h-text-component style-204 style-local-118-c7 position-relative h-element\">\n                  <!---->\n                  <!---->\n                  <div class=\"\">\n                    <p>Sko\u0144czy\u0142 artystyczne technikum w mie\u015bcie Dniepropietrowsk, Moskiewski Uniwersytet Artystyczny MWHPU, WHUTEMAS (by\u0142e Strogonowskie). Pracowa\u0142 w sp\u00f3\u0142ce artystycznej w mie\u015bcie Kij\u00f3w. Otrzyma\u0142 \u015bwiadectwo autorskie za projekt mebli. Posiada\n                      pa\u0144stwow\u0105 nagrod\u0119 za prac\u0119. Wyk\u0142ada\u0142 na Uniwersytecie Artystycznym. Jego profesorami byli: Szynkarenko, Pogrebniak, Rodzin, Borowski, S\u0142uczewski, Szewczenko.<\/p>\n                    <p><strong>Opublikowane artyku\u0142y:<\/strong>\n                      <br>Rysunek akademicki, Ton w sztuce, Forma w Tr\u00f3jwymiarowej Przestrzeni, Micha\u0142 Bu\u0142hakow<\/p>\n                    <p><strong>Opublikowane opowiadania:<\/strong>\n                      <br>Zamiana, Stie\u0144ka Razin, Elementarz<\/p>\n                  <\/div>\n                <\/div>\n              <\/div>\n            <\/div>\n          <\/div>\n        <\/div>\n      <\/div>\n    <\/div>\n  <\/div>\n  <div data-colibri-component=\"section\" data-colibri-id=\"118-c8\" id=\"custom\" class=\"h-section h-section-global-spacing d-flex align-items-lg-center align-items-md-center align-items-center style-213 style-local-118-c8 position-relative\">\n    <!---->\n    <!---->\n    <div class=\"h-section-grid-container h-section-boxed-container\">\n      <!---->\n      <div data-colibri-id=\"118-c9\" class=\"h-row-container gutters-row-lg-2 gutters-row-md-2 gutters-row-0 gutters-row-v-lg-2 gutters-row-v-md-2 gutters-row-v-2 style-214 style-local-118-c9 position-relative\">\n        <!---->\n        <div class=\"h-row justify-content-lg-center justify-content-md-center justify-content-center align-items-lg-stretch align-items-md-stretch align-items-stretch gutters-col-lg-2 gutters-col-md-2 gutters-col-0 gutters-col-v-lg-2 gutters-col-v-md-2 gutters-col-v-2\">\n          <!---->\n          <div class=\"h-column h-column-container d-flex h-col-lg-auto h-col-md-auto h-col-auto style-215-outer style-local-118-c10-outer\">\n            <div data-colibri-id=\"118-c10\" class=\"d-flex h-flex-basis h-column__inner h-px-lg-2 h-px-md-2 h-px-2 v-inner-lg-2 v-inner-md-2 v-inner-2 style-215 style-local-118-c10 position-relative\">\n              <!---->\n              <!---->\n              <div class=\"w-100 h-y-container h-column__content h-column__v-align flex-basis-100 align-self-lg-start align-self-md-start align-self-start\">\n                <!---->\n                <div data-colibri-id=\"118-c11\" class=\"h-text h-text-component style-217 style-local-118-c11 position-relative h-element\">\n                  <!---->\n                  <!---->\n                  <div class=\"\">\n                    <p>Walentyn Efde po uko\u0144czeniu Dniepropietrowskiego Artystycznego Technikum otrzyma\u0142 solidne przygotowanie w Moskiewskim Wy\u017cszym Przemys\u0142owo-Artystycznym Uniwersytecie im. Stroganowa i swoje \u017cycie po\u015bwi\u0119ci\u0142 sztuce. Nie obca mu te\u017c by\u0142a\n                      dzia\u0142alno\u015b\u0107 wyk\u0142adowcy, kt\u00f3ra mo\u017cliwe, \u017ce pos\u0142u\u017cy\u0142a do powstania kilku publikacji na temat teorii i praktyki rysunku akademickiego.<\/p>\n                    <p>Oko\u0142o dziesi\u0119ciu lat temu Walentyn Efde, niespodziewanie dla siebie oraz swoich przyjaci\u00f3\u0142 i bliskich zacz\u0105\u0142 pr\u00f3bowa\u0107 swoje si\u0142y na polu literackim. Najpierw w polskiej prasie, a nast\u0119pnie w ameryka\u0144skich rosyjsko-j\u0119zykowych wydawnictwach\n                      pojawiaj\u0105 si\u0119 jego opowiadania. Dane wydanie sk\u0142ada si\u0119 z trzech opowiada\u0144, kt\u00f3re zosta\u0142y napisane w r\u00f3\u017cnych latach. Tematy opowiada\u0144 s\u0105 bardzo r\u00f3\u017cne. Mamy tu do czynienia z losem prostych ludzi, mieszkaj\u0105cych w warunkach zagniwaj\u0105cego\n                      totalitaryzmu czasu Bre\u017cniewa (opowiadanie \u201eZamiana\u201d (Tania) i \u201eStie\u0144ka Razin\u201d) oraz realia postradzieckiej epoki przeplatane z fantastyk\u0105, wywo\u0142an\u0105 genialn\u0105 tw\u00f3rczo\u015bci\u0105 Micha\u0142a Bu\u0142hakowa, gdzie realne osoby- w tym historyczne- dziwnym\n                      sposobem przeplataj\u0105 si\u0119 z wymy\u015blonymi (opowiadanie \u201eBajka-detektyw\u201d).<\/p>\n                    <p>Jednak nie wa\u017cne, na jaki temat autor by pisa\u0142, ca\u0142y czas bardzo wyra\u017anie daje si\u0119 odczu\u0107, \u017ce jest dumny z przesz\u0142o\u015bci swojego kraju, \u017ce boli go jego tera\u017aniejszo\u015b\u0107, oraz niepokoi si\u0119 jego przysz\u0142o\u015bci\u0105. \u017byczmy mu, wi\u0119c, powodzenia\n                      w nowym dla niego polu literackim.<\/p>\n                  <\/div>\n                <\/div>\n                <div data-colibri-id=\"118-c12\" class=\"h-text h-text-component style-218 style-local-118-c12 position-relative h-element\">\n                  <!---->\n                  <!---->\n                  <div class=\"\">\n                    <p>Doc hab. Norair Ter-Grigorian\n                      <br>Uniwersytet Gda\u0144ski<\/p>\n                  <\/div>\n                <\/div>\n                <div data-colibri-id=\"118-c13\" class=\"h-divider style-223 style-local-118-c13 position-relative h-element\">\n                  <!----><span class=\"h-divider__line style-223-line style-local-118-c13-line style-223-line style-local-118-c13-line\"><\/span><\/div>\n                <div data-colibri-id=\"118-c14\" class=\"h-text h-text-component style-219 style-local-118-c14 position-relative h-element\">\n                  <!---->\n                  <!---->\n                  <div class=\"\">\n                    <p>Powiem otwarcie, \u017ce zna\u0142em Walentyna Efde jako dobrego artyst\u0119 \u2013 malarza z du\u017c\u0105 skal\u0105 tw\u00f3rczych mo\u017cliwo\u015bci. By\u0142o mu pod si\u0142\u0119 w por\u0119 dojrza\u0142o\u015bci rozwi\u0105zywa\u0107, jak zadania dotycz\u0105ce wn\u0119trz z monumentalnymi formami, tak i w drobnej plastyce\n                      znajdowa\u0142 on miniaturowe rodzynki, kt\u00f3re robi\u0142y stosowan\u0105 rzecz wytworn\u0105, stylow\u0105 z cechami jego jaskrawej indywidualno\u015bci.<\/p>\n                    <p>Dlatego na nowej niwie swojej wielostronnej dzia\u0142alno\u015bci on potwierdzi\u0142 stare porzekad\u0142o \u201eUtalentowany cz\u0142owiek, we wszystkim utalentowany\u201d. Lecz sprawa jest nawet nie w tym, a w tym, \u017ce nie milkn\u0105cy ludzi jego pokolenia, z zasady,\n                      to bezinteresowni maksymali\u015bci, w jakim by kraju oni si\u0119 nie znajdowali.<\/p>\n                    <p>Dlatego Walentyn otrzymawszy powa\u017cn\u0105 moskiewsk\u0105 szko\u0142\u0119 Stroganowskiego rysunku nie mo\u017ce godzi\u0107 si\u0119 z dzisiejsz\u0105 rzeczywisto\u015bci\u0105 przygotowania specjalist\u00f3w w dziedzinie sztuk plastycznych.<\/p>\n                    <p>Zdaje mu si\u0119, i rzeczywi\u015bcie ma racj\u0119, \u017ce dzieci w szko\u0142ach oraz studenci w akademiach s\u0105 utalentowanymi uczniami, i \u017ce s\u0105 godni wi\u0119kszego fachowego objawienia.<\/p>\n                    <p>W\u0142a\u015bnie dlatego Walentyn Efde odstaje t\u0119 metodyk\u0119 nauki rysunku, kt\u00f3ra wyhodowa\u0142a mistrz\u00f3w \u015bwiatowej sztuki, i na fundamencie tej szko\u0142y trzeba budowa\u0107 nowoczesn\u0105 praktyk\u0119 nauki rysowania.<\/p>\n                    <p>On, ju\u017c z pozycji swojego czasu, interpretuje do\u015bwiadczenie dawnych pokole\u0144, daje niespodziewane obroty nowoczesnego obrazowego my\u015blenia, recepty dok\u0142adnego poznania naszego rzemios\u0142a.<\/p>\n                    <p>Pragn\u0119 z ca\u0142ego serca pogratulowa\u0107 arty\u015bcie \u2013 malarzowi oraz pedagogowi Walentynowi Efde, nowej teoretycznej pracy, kt\u00f3ra pr\u00f3cz metodycznych poj\u0119\u0107 dotycz\u0105cych inscenizacji przywidzenia natury, jeszcze i po ojcowsku bole\u015bnie zwr\u00f3cona\n                      jest w obronie fachowych zainteresowa\u0144 tw\u00f3rczej m\u0142odzie\u017cy. \u017bycz\u0119 tobie sukces\u00f3w, Walentyn na tej niwie.<\/p>\n                  <\/div>\n                <\/div>\n                <div data-colibri-id=\"118-c15\" class=\"h-text h-text-component style-220 style-local-118-c15 position-relative h-element\">\n                  <!---->\n                  <!---->\n                  <div class=\"\">\n                    <p><span style=\"font-weight: 400; font-size: 16px; font-family: &quot;Didact Gothic&quot;; color: rgb(113, 113, 117);\">Jurij Ko\u0142ow<\/span>\n                      <br><span style=\"font-weight: 400; font-size: 16px; font-family: &quot;Didact Gothic&quot;; color: rgb(113, 113, 117);\">Zas\u0142u\u017cony artysta Rosji,<\/span>\n                      <br><span style=\"font-weight: 400; font-size: 16px; font-family: &quot;Didact Gothic&quot;; color: rgb(113, 113, 117);\">Docent katedry Sztuk Plastycznych Artystyczno-graficznego Wydzia\u0142u Pa\u0144stwowego Pedagogicznego Uniwersytetu we W\u0142odzimierzu.<\/span><\/p>\n                  <\/div>\n                <\/div>\n              <\/div>\n            <\/div>\n          <\/div>\n        <\/div>\n      <\/div>\n    <\/div>\n  <\/div>\n<\/div>","protected":false},"excerpt":{"rendered":"<p>Walentyn Efde Sko\u0144czy\u0142 artystyczne technikum w mie\u015bcie Dniepropietrowsk, Moskiewski Uniwersytet Artystyczny MWHPU, WHUTEMAS [&hellip;]<\/p>\n","protected":false},"author":1,"featured_media":0,"parent":0,"menu_order":0,"comment_status":"closed","ping_status":"closed","template":"page-templates\/full-width-page.php","meta":{"ngg_post_thumbnail":0,"footnotes":""},"class_list":["post-118","page","type-page","status-publish","hentry"],"_links":{"self":[{"href":"https:\/\/rysunek.org\/index.php\/wp-json\/wp\/v2\/pages\/118","targetHints":{"allow":["GET"]}}],"collection":[{"href":"https:\/\/rysunek.org\/index.php\/wp-json\/wp\/v2\/pages"}],"about":[{"href":"https:\/\/rysunek.org\/index.php\/wp-json\/wp\/v2\/types\/page"}],"author":[{"embeddable":true,"href":"https:\/\/rysunek.org\/index.php\/wp-json\/wp\/v2\/users\/1"}],"replies":[{"embeddable":true,"href":"https:\/\/rysunek.org\/index.php\/wp-json\/wp\/v2\/comments?post=118"}],"version-history":[{"count":20,"href":"https:\/\/rysunek.org\/index.php\/wp-json\/wp\/v2\/pages\/118\/revisions"}],"predecessor-version":[{"id":328,"href":"https:\/\/rysunek.org\/index.php\/wp-json\/wp\/v2\/pages\/118\/revisions\/328"}],"wp:attachment":[{"href":"https:\/\/rysunek.org\/index.php\/wp-json\/wp\/v2\/media?parent=118"}],"curies":[{"name":"wp","href":"https:\/\/api.w.org\/{rel}","templated":true}]}}